{"id":7,"date":"2022-06-01T10:53:25","date_gmt":"2022-06-01T08:53:25","guid":{"rendered":"https:\/\/projets.fika.fr\/opus-2-parc\/?page_id=7"},"modified":"2023-01-19T14:50:16","modified_gmt":"2023-01-19T13:50:16","slug":"accueil","status":"publish","type":"page","link":"https:\/\/projets.fika.fr\/opus-2-parc\/","title":{"rendered":"Accueil"},"content":{"rendered":"\t\t<div data-elementor-type=\"wp-page\" data-elementor-id=\"7\" class=\"elementor elementor-7\">\n\t\t\t\t\t\t\t\t\t<section class=\"elementor-section elementor-top-section elementor-element elementor-element-85af591 elementor-section-full_width elementor-section-height-min-height elementor-section-height-default elementor-section-items-middle\" data-id=\"85af591\" data-element_type=\"section\" data-settings=\"{&quot;background_background&quot;:&quot;classic&quot;}\">\n\t\t\t\t\t\t\t<div class=\"elementor-background-overlay\"><\/div>\n\t\t\t\t\t\t\t<div class=\"elementor-container elementor-column-gap-default\">\n\t\t\t\t\t<div class=\"elementor-column elementor-col-100 elementor-top-column elementor-element elementor-element-d9c8aed\" data-id=\"d9c8aed\" data-element_type=\"column\">\n\t\t\t<div class=\"elementor-widget-wrap elementor-element-populated\">\n\t\t\t\t\t\t\t\t<div class=\"elementor-element elementor-element-0000dee elementor-invisible elementor-widget elementor-widget-heading\" data-id=\"0000dee\" data-element_type=\"widget\" data-settings=\"{&quot;_animation&quot;:&quot;fadeInUp&quot;}\" data-widget_type=\"heading.default\">\n\t\t\t\t<div class=\"elementor-widget-container\">\n\t\t\t<style>\/*! elementor - v3.6.6 - 08-06-2022 *\/\n.elementor-heading-title{padding:0;margin:0;line-height:1}.elementor-widget-heading .elementor-heading-title[class*=elementor-size-]>a{color:inherit;font-size:inherit;line-height:inherit}.elementor-widget-heading .elementor-heading-title.elementor-size-small{font-size:15px}.elementor-widget-heading .elementor-heading-title.elementor-size-medium{font-size:19px}.elementor-widget-heading .elementor-heading-title.elementor-size-large{font-size:29px}.elementor-widget-heading .elementor-heading-title.elementor-size-xl{font-size:39px}.elementor-widget-heading .elementor-heading-title.elementor-size-xxl{font-size:59px}<\/style><h2 class=\"elementor-heading-title elementor-size-default\">Opus 2 parc<\/h2>\t\t<\/div>\n\t\t\t\t<\/div>\n\t\t\t\t<div class=\"elementor-element elementor-element-b22b840 elementor-invisible elementor-widget elementor-widget-heading\" data-id=\"b22b840\" data-element_type=\"widget\" data-settings=\"{&quot;_animation&quot;:&quot;fadeInUp&quot;}\" data-widget_type=\"heading.default\">\n\t\t\t\t<div class=\"elementor-widget-container\">\n\t\t\t<h2 class=\"elementor-heading-title elementor-size-default\">Cellules d\u2019activit\u00e9 neuves \u00e0 vendre<\/h2>\t\t<\/div>\n\t\t\t\t<\/div>\n\t\t\t\t\t<\/div>\n\t\t<\/div>\n\t\t\t\t\t\t\t<\/div>\n\t\t<\/section>\n\t\t\t\t<section class=\"elementor-section elementor-top-section elementor-element elementor-element-355be85 elementor-section-height-min-height elementor-section-boxed elementor-section-height-default elementor-section-items-middle\" data-id=\"355be85\" data-element_type=\"section\" data-settings=\"{&quot;background_background&quot;:&quot;classic&quot;}\">\n\t\t\t\t\t\t\t<div class=\"elementor-background-overlay\"><\/div>\n\t\t\t\t\t\t\t<div class=\"elementor-container elementor-column-gap-default\">\n\t\t\t\t\t<div class=\"elementor-column elementor-col-100 elementor-top-column elementor-element elementor-element-797bfd6\" data-id=\"797bfd6\" data-element_type=\"column\">\n\t\t\t<div class=\"elementor-widget-wrap elementor-element-populated\">\n\t\t\t\t\t\t\t\t<div class=\"elementor-element elementor-element-1ff5b5d elementor-widget elementor-widget-spacer\" data-id=\"1ff5b5d\" data-element_type=\"widget\" data-widget_type=\"spacer.default\">\n\t\t\t\t<div class=\"elementor-widget-container\">\n\t\t\t<style>\/*! elementor - v3.6.6 - 08-06-2022 *\/\n.e-container.e-container--row .elementor-spacer-inner{width:var(--spacer-size)}.e-container.e-container--column .elementor-spacer-inner,.elementor-column .elementor-spacer-inner{height:var(--spacer-size)}<\/style>\t\t<div class=\"elementor-spacer\">\n\t\t\t<div class=\"elementor-spacer-inner\"><\/div>\n\t\t<\/div>\n\t\t\t\t<\/div>\n\t\t\t\t<\/div>\n\t\t\t\t<div class=\"elementor-element elementor-element-db7af75 elementor-invisible elementor-widget elementor-widget-text-editor\" data-id=\"db7af75\" data-element_type=\"widget\" data-settings=\"{&quot;_animation&quot;:&quot;fadeInUp&quot;}\" data-widget_type=\"text-editor.default\">\n\t\t\t\t<div class=\"elementor-widget-container\">\n\t\t\t<style>\/*! elementor - v3.6.6 - 08-06-2022 *\/\n.elementor-widget-text-editor.elementor-drop-cap-view-stacked .elementor-drop-cap{background-color:#818a91;color:#fff}.elementor-widget-text-editor.elementor-drop-cap-view-framed .elementor-drop-cap{color:#818a91;border:3px solid;background-color:transparent}.elementor-widget-text-editor:not(.elementor-drop-cap-view-default) .elementor-drop-cap{margin-top:8px}.elementor-widget-text-editor:not(.elementor-drop-cap-view-default) .elementor-drop-cap-letter{width:1em;height:1em}.elementor-widget-text-editor .elementor-drop-cap{float:left;text-align:center;line-height:1;font-size:50px}.elementor-widget-text-editor .elementor-drop-cap-letter{display:inline-block}<\/style>\t\t\t\t<p data-pm-slice=\"1 1 []\">La holding NSA r\u00e9alise une op\u00e9ration de locaux d\u2019activit\u00e9s sur un emplacement strat\u00e9gique de la commune de Sainte-Foy-D\u2019Aigrefeuille.<br \/>Sur un terrain d\u2019environ 5 000 m\u00b2, \u00ab Opus 2 \u00bb est un parc d\u2019activit\u00e9 d\u2019une surface totale d\u2019environ 2 113 m\u00b2.<br \/>Situ\u00e9 dans un environnement \u00e0 vocation artisanale, industrielle et commerciale. Il est d\u00e9ploy\u00e9 sur deux b\u00e2timents avec structure et architecture soign\u00e9es, le programme propose \u00e9galement un nombre important de parkings a\u00e9riens et des prestations de qualit\u00e9.<br \/>Le site est facilement accessible.<\/p>\t\t\t\t\t\t<\/div>\n\t\t\t\t<\/div>\n\t\t\t\t<div class=\"elementor-element elementor-element-98c0029 elementor-widget elementor-widget-spacer\" data-id=\"98c0029\" data-element_type=\"widget\" data-widget_type=\"spacer.default\">\n\t\t\t\t<div class=\"elementor-widget-container\">\n\t\t\t\t\t<div class=\"elementor-spacer\">\n\t\t\t<div class=\"elementor-spacer-inner\"><\/div>\n\t\t<\/div>\n\t\t\t\t<\/div>\n\t\t\t\t<\/div>\n\t\t\t\t<div class=\"elementor-element elementor-element-379f672 elementor-align-center elementor-widget elementor-widget-button\" data-id=\"379f672\" data-element_type=\"widget\" data-widget_type=\"button.default\">\n\t\t\t\t<div class=\"elementor-widget-container\">\n\t\t\t\t\t<div class=\"elementor-button-wrapper\">\n\t\t\t<a href=\"https:\/\/projets.fika.fr\/opus-2-parc\/leslots\/\" class=\"elementor-button-link elementor-button elementor-size-sm\" role=\"button\">\n\t\t\t\t\t\t<span class=\"elementor-button-content-wrapper\">\n\t\t\t\t\t\t<span class=\"elementor-button-text\">D\u00c9COUVRIR LES LOTS<\/span>\n\t\t<\/span>\n\t\t\t\t\t<\/a>\n\t\t<\/div>\n\t\t\t\t<\/div>\n\t\t\t\t<\/div>\n\t\t\t\t<div class=\"elementor-element elementor-element-b947b15 elementor-widget elementor-widget-spacer\" data-id=\"b947b15\" data-element_type=\"widget\" data-widget_type=\"spacer.default\">\n\t\t\t\t<div class=\"elementor-widget-container\">\n\t\t\t\t\t<div class=\"elementor-spacer\">\n\t\t\t<div class=\"elementor-spacer-inner\"><\/div>\n\t\t<\/div>\n\t\t\t\t<\/div>\n\t\t\t\t<\/div>\n\t\t\t\t\t<\/div>\n\t\t<\/div>\n\t\t\t\t\t\t\t<\/div>\n\t\t<\/section>\n\t\t\t\t<section class=\"elementor-section elementor-top-section elementor-element elementor-element-d65eacc elementor-section-boxed elementor-section-height-default elementor-section-height-default\" data-id=\"d65eacc\" data-element_type=\"section\" data-settings=\"{&quot;background_background&quot;:&quot;classic&quot;}\">\n\t\t\t\t\t\t\t<div class=\"elementor-background-overlay\"><\/div>\n\t\t\t\t\t\t\t<div class=\"elementor-container elementor-column-gap-default\">\n\t\t\t\t\t<div class=\"elementor-column elementor-col-100 elementor-top-column elementor-element elementor-element-aa605ce\" data-id=\"aa605ce\" data-element_type=\"column\">\n\t\t\t<div class=\"elementor-widget-wrap elementor-element-populated\">\n\t\t\t\t\t\t\t\t<div class=\"elementor-element elementor-element-cc7ee49 elementor-widget__width-auto elementor-widget elementor-widget-heading\" data-id=\"cc7ee49\" data-element_type=\"widget\" data-widget_type=\"heading.default\">\n\t\t\t\t<div class=\"elementor-widget-container\">\n\t\t\t<h2 class=\"elementor-heading-title elementor-size-default\">CONTACT :<\/h2>\t\t<\/div>\n\t\t\t\t<\/div>\n\t\t\t\t<div class=\"elementor-element elementor-element-1072d05 elementor-icon-list--layout-inline elementor-widget__width-auto elementor-list-item-link-full_width elementor-widget elementor-widget-icon-list\" data-id=\"1072d05\" data-element_type=\"widget\" data-widget_type=\"icon-list.default\">\n\t\t\t\t<div class=\"elementor-widget-container\">\n\t\t\t<link rel=\"stylesheet\" href=\"https:\/\/projets.fika.fr\/opus-2-parc\/wp-content\/plugins\/elementor\/assets\/css\/widget-icon-list.min.css\">\t\t<ul class=\"elementor-icon-list-items elementor-inline-items\">\n\t\t\t\t\t\t\t<li class=\"elementor-icon-list-item elementor-inline-item\">\n\t\t\t\t\t\t\t\t\t\t\t<a href=\"mailto:contact@fika.fr%20\">\n\n\t\t\t\t\t\t\t\t\t\t\t<span class=\"elementor-icon-list-text\">contact@fika.fr <\/span>\n\t\t\t\t\t\t\t\t\t\t\t<\/a>\n\t\t\t\t\t\t\t\t\t<\/li>\n\t\t\t\t\t\t\t\t<li class=\"elementor-icon-list-item elementor-inline-item\">\n\t\t\t\t\t\t\t\t\t\t\t<a href=\"tel:0561000001\">\n\n\t\t\t\t\t\t\t\t\t\t\t<span class=\"elementor-icon-list-text\">05 61 00 00 01<\/span>\n\t\t\t\t\t\t\t\t\t\t\t<\/a>\n\t\t\t\t\t\t\t\t\t<\/li>\n\t\t\t\t\t\t<\/ul>\n\t\t\t\t<\/div>\n\t\t\t\t<\/div>\n\t\t\t\t<div class=\"elementor-element elementor-element-2a6d16a elementor-invisible elementor-widget elementor-widget-text-editor\" data-id=\"2a6d16a\" data-element_type=\"widget\" data-settings=\"{&quot;_animation&quot;:&quot;fadeInUp&quot;}\" data-widget_type=\"text-editor.default\">\n\t\t\t\t<div class=\"elementor-widget-container\">\n\t\t\t\t\t\t\t<p>Pour toutes demandes de renseignements compl\u00e9mentaires, veuillez nous joindre par\u00a0<a href=\"mailto:contact@fika.fr\">mail<\/a>\u00a0ou directement par\u00a0<a href=\"tel:0561000001\">t\u00e9l\u00e9phone<\/a>. Vous trouverez\u00a0<a href=\"#\" target=\"_blank\" rel=\"noopener\">ici<\/a>\u00a0toutes les coordonn\u00e9es du consultant en charge de la commercialisation des lots.\u00a0<\/p>\t\t\t\t\t\t<\/div>\n\t\t\t\t<\/div>\n\t\t\t\t\t<\/div>\n\t\t<\/div>\n\t\t\t\t\t\t\t<\/div>\n\t\t<\/section>\n\t\t\t\t\t\t\t<\/div>\n\t\t","protected":false},"excerpt":{"rendered":"<p>Opus 2 parc Cellules d\u2019activit\u00e9 neuves \u00e0 vendre La holding NSA r\u00e9alise une op\u00e9ration de locaux d\u2019activit\u00e9s sur un emplacement strat\u00e9gique de la commune de Sainte-Foy-D\u2019Aigrefeuille.Sur un terrain d\u2019environ 5 000 m\u00b2, \u00ab Opus 2 \u00bb est un parc d\u2019activit\u00e9 d\u2019une surface totale d\u2019environ 2 113 m\u00b2.Situ\u00e9 dans un environnement \u00e0 vocation artisanale, industrielle et [&hellip;]<\/p>\n","protected":false},"author":1,"featured_media":0,"parent":0,"menu_order":0,"comment_status":"closed","ping_status":"closed","template":"elementor_header_footer","meta":[],"yoast_head":"<!-- This site is optimized with the Yoast SEO plugin v19.1 - https:\/\/yoast.com\/wordpress\/plugins\/seo\/ -->\n<title>Accueil - Opus 2 parc<\/title>\n<meta name=\"robots\" content=\"index, follow, max-snippet:-1, max-image-preview:large, max-video-preview:-1\" \/>\n<link rel=\"canonical\" href=\"https:\/\/projets.fika.fr\/opus-2-parc\/\" \/>\n<meta property=\"og:locale\" content=\"fr_FR\" \/>\n<meta property=\"og:type\" content=\"article\" \/>\n<meta property=\"og:title\" content=\"Accueil - Opus 2 parc\" \/>\n<meta property=\"og:description\" content=\"Opus 2 parc Cellules d\u2019activit\u00e9 neuves \u00e0 vendre La holding NSA r\u00e9alise une op\u00e9ration de locaux d\u2019activit\u00e9s sur un emplacement strat\u00e9gique de la commune de Sainte-Foy-D\u2019Aigrefeuille.Sur un terrain d\u2019environ 5 000 m\u00b2, \u00ab Opus 2 \u00bb est un parc d\u2019activit\u00e9 d\u2019une surface totale d\u2019environ 2 113 m\u00b2.Situ\u00e9 dans un environnement \u00e0 vocation artisanale, industrielle et [&hellip;]\" \/>\n<meta property=\"og:url\" content=\"https:\/\/projets.fika.fr\/opus-2-parc\/\" \/>\n<meta property=\"og:site_name\" content=\"Opus 2 parc\" \/>\n<meta property=\"article:modified_time\" content=\"2023-01-19T13:50:16+00:00\" \/>\n<meta name=\"twitter:card\" content=\"summary_large_image\" \/>\n<meta name=\"twitter:label1\" content=\"Dur\u00e9e de lecture estim\u00e9e\" \/>\n\t<meta name=\"twitter:data1\" content=\"1 minute\" \/>\n<script type=\"application\/ld+json\" class=\"yoast-schema-graph\">{\"@context\":\"https:\/\/schema.org\",\"@graph\":[{\"@type\":\"WebSite\",\"@id\":\"https:\/\/projets.fika.fr\/opus-2-parc\/#website\",\"url\":\"https:\/\/projets.fika.fr\/opus-2-parc\/\",\"name\":\"Opus 2 parc\",\"description\":\"\",\"potentialAction\":[{\"@type\":\"SearchAction\",\"target\":{\"@type\":\"EntryPoint\",\"urlTemplate\":\"https:\/\/projets.fika.fr\/opus-2-parc\/?s={search_term_string}\"},\"query-input\":\"required name=search_term_string\"}],\"inLanguage\":\"fr-FR\"},{\"@type\":\"WebPage\",\"@id\":\"https:\/\/projets.fika.fr\/opus-2-parc\/#webpage\",\"url\":\"https:\/\/projets.fika.fr\/opus-2-parc\/\",\"name\":\"Accueil - Opus 2 parc\",\"isPartOf\":{\"@id\":\"https:\/\/projets.fika.fr\/opus-2-parc\/#website\"},\"datePublished\":\"2022-06-01T08:53:25+00:00\",\"dateModified\":\"2023-01-19T13:50:16+00:00\",\"breadcrumb\":{\"@id\":\"https:\/\/projets.fika.fr\/opus-2-parc\/#breadcrumb\"},\"inLanguage\":\"fr-FR\",\"potentialAction\":[{\"@type\":\"ReadAction\",\"target\":[\"https:\/\/projets.fika.fr\/opus-2-parc\/\"]}]},{\"@type\":\"BreadcrumbList\",\"@id\":\"https:\/\/projets.fika.fr\/opus-2-parc\/#breadcrumb\",\"itemListElement\":[{\"@type\":\"ListItem\",\"position\":1,\"name\":\"Accueil\",\"item\":\"https:\/\/projets.fika.fr\/opus-2-parc\/\"},{\"@type\":\"ListItem\",\"position\":2,\"name\":\"Accueil\"}]}]}<\/script>\n<!-- \/ Yoast SEO plugin. -->","yoast_head_json":{"title":"Accueil - Opus 2 parc","robots":{"index":"index","follow":"follow","max-snippet":"max-snippet:-1","max-image-preview":"max-image-preview:large","max-video-preview":"max-video-preview:-1"},"canonical":"https:\/\/projets.fika.fr\/opus-2-parc\/","og_locale":"fr_FR","og_type":"article","og_title":"Accueil - Opus 2 parc","og_description":"Opus 2 parc Cellules d\u2019activit\u00e9 neuves \u00e0 vendre La holding NSA r\u00e9alise une op\u00e9ration de locaux d\u2019activit\u00e9s sur un emplacement strat\u00e9gique de la commune de Sainte-Foy-D\u2019Aigrefeuille.Sur un terrain d\u2019environ 5 000 m\u00b2, \u00ab Opus 2 \u00bb est un parc d\u2019activit\u00e9 d\u2019une surface totale d\u2019environ 2 113 m\u00b2.Situ\u00e9 dans un environnement \u00e0 vocation artisanale, industrielle et [&hellip;]","og_url":"https:\/\/projets.fika.fr\/opus-2-parc\/","og_site_name":"Opus 2 parc","article_modified_time":"2023-01-19T13:50:16+00:00","twitter_card":"summary_large_image","twitter_misc":{"Dur\u00e9e de lecture estim\u00e9e":"1 minute"},"schema":{"@context":"https:\/\/schema.org","@graph":[{"@type":"WebSite","@id":"https:\/\/projets.fika.fr\/opus-2-parc\/#website","url":"https:\/\/projets.fika.fr\/opus-2-parc\/","name":"Opus 2 parc","description":"","potentialAction":[{"@type":"SearchAction","target":{"@type":"EntryPoint","urlTemplate":"https:\/\/projets.fika.fr\/opus-2-parc\/?s={search_term_string}"},"query-input":"required name=search_term_string"}],"inLanguage":"fr-FR"},{"@type":"WebPage","@id":"https:\/\/projets.fika.fr\/opus-2-parc\/#webpage","url":"https:\/\/projets.fika.fr\/opus-2-parc\/","name":"Accueil - Opus 2 parc","isPartOf":{"@id":"https:\/\/projets.fika.fr\/opus-2-parc\/#website"},"datePublished":"2022-06-01T08:53:25+00:00","dateModified":"2023-01-19T13:50:16+00:00","breadcrumb":{"@id":"https:\/\/projets.fika.fr\/opus-2-parc\/#breadcrumb"},"inLanguage":"fr-FR","potentialAction":[{"@type":"ReadAction","target":["https:\/\/projets.fika.fr\/opus-2-parc\/"]}]},{"@type":"BreadcrumbList","@id":"https:\/\/projets.fika.fr\/opus-2-parc\/#breadcrumb","itemListElement":[{"@type":"ListItem","position":1,"name":"Accueil","item":"https:\/\/projets.fika.fr\/opus-2-parc\/"},{"@type":"ListItem","position":2,"name":"Accueil"}]}]}},"_links":{"self":[{"href":"https:\/\/projets.fika.fr\/opus-2-parc\/wp-json\/wp\/v2\/pages\/7"}],"collection":[{"href":"https:\/\/projets.fika.fr\/opus-2-parc\/wp-json\/wp\/v2\/pages"}],"about":[{"href":"https:\/\/projets.fika.fr\/opus-2-parc\/wp-json\/wp\/v2\/types\/page"}],"author":[{"embeddable":true,"href":"https:\/\/projets.fika.fr\/opus-2-parc\/wp-json\/wp\/v2\/users\/1"}],"replies":[{"embeddable":true,"href":"https:\/\/projets.fika.fr\/opus-2-parc\/wp-json\/wp\/v2\/comments?post=7"}],"version-history":[{"count":82,"href":"https:\/\/projets.fika.fr\/opus-2-parc\/wp-json\/wp\/v2\/pages\/7\/revisions"}],"predecessor-version":[{"id":525,"href":"https:\/\/projets.fika.fr\/opus-2-parc\/wp-json\/wp\/v2\/pages\/7\/revisions\/525"}],"wp:attachment":[{"href":"https:\/\/projets.fika.fr\/opus-2-parc\/wp-json\/wp\/v2\/media?parent=7"}],"curies":[{"name":"wp","href":"https:\/\/api.w.org\/{rel}","templated":true}]}}