{"id":23,"date":"2022-06-01T10:57:35","date_gmt":"2022-06-01T08:57:35","guid":{"rendered":"https:\/\/projets.fika.fr\/opus-2-parc\/?page_id=23"},"modified":"2022-11-10T18:12:18","modified_gmt":"2022-11-10T17:12:18","slug":"partenaires","status":"publish","type":"page","link":"https:\/\/projets.fika.fr\/opus-2-parc\/partenaires\/","title":{"rendered":"Partenaires"},"content":{"rendered":"\t\t<div data-elementor-type=\"wp-page\" data-elementor-id=\"23\" class=\"elementor elementor-23\">\n\t\t\t\t\t\t\t\t\t<section class=\"elementor-section elementor-top-section elementor-element elementor-element-40b4265 elementor-section-full_width elementor-section-height-min-height elementor-section-height-default elementor-section-items-middle\" data-id=\"40b4265\" data-element_type=\"section\" data-settings=\"{&quot;background_background&quot;:&quot;classic&quot;}\">\n\t\t\t\t\t\t\t<div class=\"elementor-background-overlay\"><\/div>\n\t\t\t\t\t\t\t<div class=\"elementor-container elementor-column-gap-default\">\n\t\t\t\t\t<div class=\"elementor-column elementor-col-100 elementor-top-column elementor-element elementor-element-ada8f80\" data-id=\"ada8f80\" data-element_type=\"column\">\n\t\t\t<div class=\"elementor-widget-wrap elementor-element-populated\">\n\t\t\t\t\t\t\t\t<div class=\"elementor-element elementor-element-62d0611 elementor-widget elementor-widget-heading\" data-id=\"62d0611\" data-element_type=\"widget\" data-widget_type=\"heading.default\">\n\t\t\t\t<div class=\"elementor-widget-container\">\n\t\t\t<style>\/*! elementor - v3.6.6 - 08-06-2022 *\/\n.elementor-heading-title{padding:0;margin:0;line-height:1}.elementor-widget-heading .elementor-heading-title[class*=elementor-size-]>a{color:inherit;font-size:inherit;line-height:inherit}.elementor-widget-heading .elementor-heading-title.elementor-size-small{font-size:15px}.elementor-widget-heading .elementor-heading-title.elementor-size-medium{font-size:19px}.elementor-widget-heading .elementor-heading-title.elementor-size-large{font-size:29px}.elementor-widget-heading .elementor-heading-title.elementor-size-xl{font-size:39px}.elementor-widget-heading .elementor-heading-title.elementor-size-xxl{font-size:59px}<\/style><h2 class=\"elementor-heading-title elementor-size-default\">Partenaires<\/h2>\t\t<\/div>\n\t\t\t\t<\/div>\n\t\t\t\t\t<\/div>\n\t\t<\/div>\n\t\t\t\t\t\t\t<\/div>\n\t\t<\/section>\n\t\t\t\t<section class=\"elementor-section elementor-top-section elementor-element elementor-element-5283bf3 elementor-section-boxed elementor-section-height-default elementor-section-height-default\" data-id=\"5283bf3\" data-element_type=\"section\">\n\t\t\t\t\t\t<div class=\"elementor-container elementor-column-gap-default\">\n\t\t\t\t\t<div class=\"elementor-column elementor-col-50 elementor-top-column elementor-element elementor-element-df95bfd\" data-id=\"df95bfd\" data-element_type=\"column\">\n\t\t\t<div class=\"elementor-widget-wrap elementor-element-populated\">\n\t\t\t\t\t\t\t\t<div class=\"elementor-element elementor-element-577fb97 elementor-invisible elementor-widget elementor-widget-image\" data-id=\"577fb97\" data-element_type=\"widget\" data-settings=\"{&quot;_animation&quot;:&quot;fadeInUp&quot;}\" data-widget_type=\"image.default\">\n\t\t\t\t<div class=\"elementor-widget-container\">\n\t\t\t<style>\/*! elementor - v3.6.6 - 08-06-2022 *\/\n.elementor-widget-image{text-align:center}.elementor-widget-image a{display:inline-block}.elementor-widget-image a img[src$=\".svg\"]{width:48px}.elementor-widget-image img{vertical-align:middle;display:inline-block}<\/style>\t\t\t\t\t\t\t\t\t\t\t\t<img width=\"1100\" height=\"399\" src=\"https:\/\/projets.fika.fr\/opus-2-parc\/wp-content\/uploads\/sites\/4\/2022\/06\/fika-rvb_5_orig.jpeg\" class=\"attachment-full size-full\" alt=\"\" loading=\"lazy\" srcset=\"https:\/\/projets.fika.fr\/opus-2-parc\/wp-content\/uploads\/sites\/4\/2022\/06\/fika-rvb_5_orig.jpeg 1100w, https:\/\/projets.fika.fr\/opus-2-parc\/wp-content\/uploads\/sites\/4\/2022\/06\/fika-rvb_5_orig-300x109.jpeg 300w, https:\/\/projets.fika.fr\/opus-2-parc\/wp-content\/uploads\/sites\/4\/2022\/06\/fika-rvb_5_orig-1024x371.jpeg 1024w, https:\/\/projets.fika.fr\/opus-2-parc\/wp-content\/uploads\/sites\/4\/2022\/06\/fika-rvb_5_orig-768x279.jpeg 768w\" sizes=\"(max-width: 1100px) 100vw, 1100px\" \/>\t\t\t\t\t\t\t\t\t\t\t\t\t\t\t<\/div>\n\t\t\t\t<\/div>\n\t\t\t\t<div class=\"elementor-element elementor-element-8021f44 elementor-widget elementor-widget-heading\" data-id=\"8021f44\" data-element_type=\"widget\" data-widget_type=\"heading.default\">\n\t\t\t\t<div class=\"elementor-widget-container\">\n\t\t\t<h2 class=\"elementor-heading-title elementor-size-default\">HOLDING NSA<\/h2>\t\t<\/div>\n\t\t\t\t<\/div>\n\t\t\t\t<div class=\"elementor-element elementor-element-835d789 elementor-widget elementor-widget-spacer\" data-id=\"835d789\" data-element_type=\"widget\" data-widget_type=\"spacer.default\">\n\t\t\t\t<div class=\"elementor-widget-container\">\n\t\t\t<style>\/*! elementor - v3.6.6 - 08-06-2022 *\/\n.e-container.e-container--row .elementor-spacer-inner{width:var(--spacer-size)}.e-container.e-container--column .elementor-spacer-inner,.elementor-column .elementor-spacer-inner{height:var(--spacer-size)}<\/style>\t\t<div class=\"elementor-spacer\">\n\t\t\t<div class=\"elementor-spacer-inner\"><\/div>\n\t\t<\/div>\n\t\t\t\t<\/div>\n\t\t\t\t<\/div>\n\t\t\t\t\t<\/div>\n\t\t<\/div>\n\t\t\t\t<div class=\"elementor-column elementor-col-50 elementor-top-column elementor-element elementor-element-68905fc\" data-id=\"68905fc\" data-element_type=\"column\">\n\t\t\t<div class=\"elementor-widget-wrap elementor-element-populated\">\n\t\t\t\t\t\t\t\t<div class=\"elementor-element elementor-element-a670a7e elementor-invisible elementor-widget elementor-widget-text-editor\" data-id=\"a670a7e\" data-element_type=\"widget\" data-settings=\"{&quot;_animation&quot;:&quot;fadeInUp&quot;}\" data-widget_type=\"text-editor.default\">\n\t\t\t\t<div class=\"elementor-widget-container\">\n\t\t\t<style>\/*! elementor - v3.6.6 - 08-06-2022 *\/\n.elementor-widget-text-editor.elementor-drop-cap-view-stacked .elementor-drop-cap{background-color:#818a91;color:#fff}.elementor-widget-text-editor.elementor-drop-cap-view-framed .elementor-drop-cap{color:#818a91;border:3px solid;background-color:transparent}.elementor-widget-text-editor:not(.elementor-drop-cap-view-default) .elementor-drop-cap{margin-top:8px}.elementor-widget-text-editor:not(.elementor-drop-cap-view-default) .elementor-drop-cap-letter{width:1em;height:1em}.elementor-widget-text-editor .elementor-drop-cap{float:left;text-align:center;line-height:1;font-size:50px}.elementor-widget-text-editor .elementor-drop-cap-letter{display:inline-block}<\/style>\t\t\t\t<p>Entreprise sp\u00e9cialis\u00e9e dans la transaction d&rsquo;immobilier d&rsquo;entreprise \u00e0 Toulouse et Bordeaux,\u00a0<strong>FIKA<\/strong>\u00a0<strong>est le partenaire r\u00e9f\u00e9rent sur la vente du\u00a0 programme PARC DE L&rsquo;ESCALETTE.\u00a0<\/strong><br \/>Que vous cherchiez \u00e0 acheter ou \u00e0 investir en immobilier d\u2019entreprise,<br \/>notre \u00e9quipe de consultants passionn\u00e9s vous\u00a0 accompagnent\u00a0dans vos cessions et acquisitions.\u00a0FIKA intervient sur la vente de fonciers, de bureaux, murs commerciaux et locaux d&rsquo;activit\u00e9s.<br \/>Sp\u00e9cialis\u00e9e dans l\u2019interm\u00e9diation, FIKA vous permet de d\u00e9l\u00e9guer vos commercialisations de biens et vos recherches\u00a0 ainsi que d\u2019acc\u00e9l\u00e9rer la r\u00e9alisation de vos projets immobiliers.<\/p><p>\u00a0<\/p>\t\t\t\t\t\t<\/div>\n\t\t\t\t<\/div>\n\t\t\t\t\t<\/div>\n\t\t<\/div>\n\t\t\t\t\t\t\t<\/div>\n\t\t<\/section>\n\t\t\t\t\t\t\t<\/div>\n\t\t","protected":false},"excerpt":{"rendered":"<p>HOLDING NSA Entreprise sp\u00e9cialis\u00e9e dans la transaction d&rsquo;immobilier d&rsquo;entreprise \u00e0 Toulouse et Bordeaux,\u00a0FIKA\u00a0est le partenaire r\u00e9f\u00e9rent sur la vente du\u00a0 programme PARC DE L&rsquo;ESCALETTE.\u00a0Que vous cherchiez \u00e0 acheter ou \u00e0 investir en immobilier d\u2019entreprise,notre \u00e9quipe de consultants passionn\u00e9s vous\u00a0 accompagnent\u00a0dans vos cessions et acquisitions.\u00a0FIKA intervient sur la vente de fonciers, de bureaux, murs commerciaux et [&hellip;]<\/p>\n","protected":false},"author":1,"featured_media":0,"parent":0,"menu_order":0,"comment_status":"closed","ping_status":"closed","template":"elementor_header_footer","meta":[],"yoast_head":"<!-- This site is optimized with the Yoast SEO plugin v19.1 - https:\/\/yoast.com\/wordpress\/plugins\/seo\/ -->\n<title>Partenaires - Opus 2 parc<\/title>\n<meta name=\"robots\" content=\"index, follow, max-snippet:-1, max-image-preview:large, max-video-preview:-1\" \/>\n<link rel=\"canonical\" href=\"https:\/\/projets.fika.fr\/opus-2-parc\/partenaires\/\" \/>\n<meta property=\"og:locale\" content=\"fr_FR\" \/>\n<meta property=\"og:type\" content=\"article\" \/>\n<meta property=\"og:title\" content=\"Partenaires - Opus 2 parc\" \/>\n<meta property=\"og:description\" content=\"HOLDING NSA Entreprise sp\u00e9cialis\u00e9e dans la transaction d&rsquo;immobilier d&rsquo;entreprise \u00e0 Toulouse et Bordeaux,\u00a0FIKA\u00a0est le partenaire r\u00e9f\u00e9rent sur la vente du\u00a0 programme PARC DE L&rsquo;ESCALETTE.\u00a0Que vous cherchiez \u00e0 acheter ou \u00e0 investir en immobilier d\u2019entreprise,notre \u00e9quipe de consultants passionn\u00e9s vous\u00a0 accompagnent\u00a0dans vos cessions et acquisitions.\u00a0FIKA intervient sur la vente de fonciers, de bureaux, murs commerciaux et [&hellip;]\" \/>\n<meta property=\"og:url\" content=\"https:\/\/projets.fika.fr\/opus-2-parc\/partenaires\/\" \/>\n<meta property=\"og:site_name\" content=\"Opus 2 parc\" \/>\n<meta property=\"article:modified_time\" content=\"2022-11-10T17:12:18+00:00\" \/>\n<meta property=\"og:image\" content=\"https:\/\/projets.fika.fr\/opus-2-parc\/wp-content\/uploads\/sites\/4\/2022\/06\/fika-rvb_5_orig.jpeg\" \/>\n<meta name=\"twitter:card\" content=\"summary_large_image\" \/>\n<meta name=\"twitter:label1\" content=\"Dur\u00e9e de lecture estim\u00e9e\" \/>\n\t<meta name=\"twitter:data1\" content=\"1 minute\" \/>\n<script type=\"application\/ld+json\" class=\"yoast-schema-graph\">{\"@context\":\"https:\/\/schema.org\",\"@graph\":[{\"@type\":\"WebSite\",\"@id\":\"https:\/\/projets.fika.fr\/opus-2-parc\/#website\",\"url\":\"https:\/\/projets.fika.fr\/opus-2-parc\/\",\"name\":\"Opus 2 parc\",\"description\":\"\",\"potentialAction\":[{\"@type\":\"SearchAction\",\"target\":{\"@type\":\"EntryPoint\",\"urlTemplate\":\"https:\/\/projets.fika.fr\/opus-2-parc\/?s={search_term_string}\"},\"query-input\":\"required name=search_term_string\"}],\"inLanguage\":\"fr-FR\"},{\"@type\":\"ImageObject\",\"inLanguage\":\"fr-FR\",\"@id\":\"https:\/\/projets.fika.fr\/opus-2-parc\/partenaires\/#primaryimage\",\"url\":\"https:\/\/projets.fika.fr\/opus-2-parc\/wp-content\/uploads\/sites\/4\/2022\/06\/fika-rvb_5_orig.jpeg\",\"contentUrl\":\"https:\/\/projets.fika.fr\/opus-2-parc\/wp-content\/uploads\/sites\/4\/2022\/06\/fika-rvb_5_orig.jpeg\",\"width\":1100,\"height\":399},{\"@type\":\"WebPage\",\"@id\":\"https:\/\/projets.fika.fr\/opus-2-parc\/partenaires\/#webpage\",\"url\":\"https:\/\/projets.fika.fr\/opus-2-parc\/partenaires\/\",\"name\":\"Partenaires - Opus 2 parc\",\"isPartOf\":{\"@id\":\"https:\/\/projets.fika.fr\/opus-2-parc\/#website\"},\"primaryImageOfPage\":{\"@id\":\"https:\/\/projets.fika.fr\/opus-2-parc\/partenaires\/#primaryimage\"},\"datePublished\":\"2022-06-01T08:57:35+00:00\",\"dateModified\":\"2022-11-10T17:12:18+00:00\",\"breadcrumb\":{\"@id\":\"https:\/\/projets.fika.fr\/opus-2-parc\/partenaires\/#breadcrumb\"},\"inLanguage\":\"fr-FR\",\"potentialAction\":[{\"@type\":\"ReadAction\",\"target\":[\"https:\/\/projets.fika.fr\/opus-2-parc\/partenaires\/\"]}]},{\"@type\":\"BreadcrumbList\",\"@id\":\"https:\/\/projets.fika.fr\/opus-2-parc\/partenaires\/#breadcrumb\",\"itemListElement\":[{\"@type\":\"ListItem\",\"position\":1,\"name\":\"Accueil\",\"item\":\"https:\/\/projets.fika.fr\/opus-2-parc\/\"},{\"@type\":\"ListItem\",\"position\":2,\"name\":\"Partenaires\"}]}]}<\/script>\n<!-- \/ Yoast SEO plugin. -->","yoast_head_json":{"title":"Partenaires - Opus 2 parc","robots":{"index":"index","follow":"follow","max-snippet":"max-snippet:-1","max-image-preview":"max-image-preview:large","max-video-preview":"max-video-preview:-1"},"canonical":"https:\/\/projets.fika.fr\/opus-2-parc\/partenaires\/","og_locale":"fr_FR","og_type":"article","og_title":"Partenaires - Opus 2 parc","og_description":"HOLDING NSA Entreprise sp\u00e9cialis\u00e9e dans la transaction d&rsquo;immobilier d&rsquo;entreprise \u00e0 Toulouse et Bordeaux,\u00a0FIKA\u00a0est le partenaire r\u00e9f\u00e9rent sur la vente du\u00a0 programme PARC DE L&rsquo;ESCALETTE.\u00a0Que vous cherchiez \u00e0 acheter ou \u00e0 investir en immobilier d\u2019entreprise,notre \u00e9quipe de consultants passionn\u00e9s vous\u00a0 accompagnent\u00a0dans vos cessions et acquisitions.\u00a0FIKA intervient sur la vente de fonciers, de bureaux, murs commerciaux et [&hellip;]","og_url":"https:\/\/projets.fika.fr\/opus-2-parc\/partenaires\/","og_site_name":"Opus 2 parc","article_modified_time":"2022-11-10T17:12:18+00:00","og_image":[{"url":"https:\/\/projets.fika.fr\/opus-2-parc\/wp-content\/uploads\/sites\/4\/2022\/06\/fika-rvb_5_orig.jpeg"}],"twitter_card":"summary_large_image","twitter_misc":{"Dur\u00e9e de lecture estim\u00e9e":"1 minute"},"schema":{"@context":"https:\/\/schema.org","@graph":[{"@type":"WebSite","@id":"https:\/\/projets.fika.fr\/opus-2-parc\/#website","url":"https:\/\/projets.fika.fr\/opus-2-parc\/","name":"Opus 2 parc","description":"","potentialAction":[{"@type":"SearchAction","target":{"@type":"EntryPoint","urlTemplate":"https:\/\/projets.fika.fr\/opus-2-parc\/?s={search_term_string}"},"query-input":"required name=search_term_string"}],"inLanguage":"fr-FR"},{"@type":"ImageObject","inLanguage":"fr-FR","@id":"https:\/\/projets.fika.fr\/opus-2-parc\/partenaires\/#primaryimage","url":"https:\/\/projets.fika.fr\/opus-2-parc\/wp-content\/uploads\/sites\/4\/2022\/06\/fika-rvb_5_orig.jpeg","contentUrl":"https:\/\/projets.fika.fr\/opus-2-parc\/wp-content\/uploads\/sites\/4\/2022\/06\/fika-rvb_5_orig.jpeg","width":1100,"height":399},{"@type":"WebPage","@id":"https:\/\/projets.fika.fr\/opus-2-parc\/partenaires\/#webpage","url":"https:\/\/projets.fika.fr\/opus-2-parc\/partenaires\/","name":"Partenaires - Opus 2 parc","isPartOf":{"@id":"https:\/\/projets.fika.fr\/opus-2-parc\/#website"},"primaryImageOfPage":{"@id":"https:\/\/projets.fika.fr\/opus-2-parc\/partenaires\/#primaryimage"},"datePublished":"2022-06-01T08:57:35+00:00","dateModified":"2022-11-10T17:12:18+00:00","breadcrumb":{"@id":"https:\/\/projets.fika.fr\/opus-2-parc\/partenaires\/#breadcrumb"},"inLanguage":"fr-FR","potentialAction":[{"@type":"ReadAction","target":["https:\/\/projets.fika.fr\/opus-2-parc\/partenaires\/"]}]},{"@type":"BreadcrumbList","@id":"https:\/\/projets.fika.fr\/opus-2-parc\/partenaires\/#breadcrumb","itemListElement":[{"@type":"ListItem","position":1,"name":"Accueil","item":"https:\/\/projets.fika.fr\/opus-2-parc\/"},{"@type":"ListItem","position":2,"name":"Partenaires"}]}]}},"_links":{"self":[{"href":"https:\/\/projets.fika.fr\/opus-2-parc\/wp-json\/wp\/v2\/pages\/23"}],"collection":[{"href":"https:\/\/projets.fika.fr\/opus-2-parc\/wp-json\/wp\/v2\/pages"}],"about":[{"href":"https:\/\/projets.fika.fr\/opus-2-parc\/wp-json\/wp\/v2\/types\/page"}],"author":[{"embeddable":true,"href":"https:\/\/projets.fika.fr\/opus-2-parc\/wp-json\/wp\/v2\/users\/1"}],"replies":[{"embeddable":true,"href":"https:\/\/projets.fika.fr\/opus-2-parc\/wp-json\/wp\/v2\/comments?post=23"}],"version-history":[{"count":25,"href":"https:\/\/projets.fika.fr\/opus-2-parc\/wp-json\/wp\/v2\/pages\/23\/revisions"}],"predecessor-version":[{"id":508,"href":"https:\/\/projets.fika.fr\/opus-2-parc\/wp-json\/wp\/v2\/pages\/23\/revisions\/508"}],"wp:attachment":[{"href":"https:\/\/projets.fika.fr\/opus-2-parc\/wp-json\/wp\/v2\/media?parent=23"}],"curies":[{"name":"wp","href":"https:\/\/api.w.org\/{rel}","templated":true}]}}